 a?
6
Let d(y) = -y**3 + 2*y**2 - 786. Let s be d(0). Let m = 1670 + s. What is the units digit of m?
4
Let r = 7833 - 1370. What is the tens digit of r?
6
Let a = 29792 + -12449. What is the tens digit of a?
4
Let i(q) = -11*q**3 - 2*q**2 + 4*q + 5. Let o be i(-1). Suppose 0*w + o*w - 500 = 0. What is the units digit of w?
0
Let l(r) = -13*r + 94*r**2 + 5 + 14*r + r. What is the units digit of l(-2)?
7
Let x(d) = -11*d - 8 - 9 + 5*d**2 - 74 - 25. What is the units digit of x(11)?
8
Suppose 0 = -p - 33 + 41. Suppose 2*r + 3*r = p*r. Suppose -8*h + 793 + 743 = r. What is the units digit of h?
2
Suppose -14*n - 3*x = -9*n - 13690, 2*x + 2738 = n. What is the thousands digit of n?
2
Let t(m) = 4*m**2 + 149*m - 1625. What is the tens digit of t(12)?
3
Let z = 2190 + 9860. What is the thousands digit of z?
2
Let x = 29472 + -14827. What is the hundreds digit of x?
6
Let j(k) = 2*k**2 - 2*k + 5. Let u(n) = -n**3 + 8*n**2 + 9*n + 1. Let b be u(9). Let y be 3 - (1 + b - -4). What is the tens digit of j(y)?
2
Let y(x) be the second derivative of -26*x**3/3 - 59*x**2 - 14*x - 5. What is the units digit of y(-11)?
4
Let v be -10*((-54)/(-10) + -5). What is the units digit of 173 + -2 + 1 + (v - -8)?
6
Suppose -163*u = -167*u - 5*g + 28205, 2*u + 5*g - 14115 = 0. What is the units digit of u?
5
Let t(l) = 3 - 107*l**2 - 1 + 115*l**2 - 3*l. Let r be t(1). What is the tens digit of 1/r + (-1146)/(-14)?
8
Suppose 167 = t - 60. Let q = -417 + t. Let k = q - -356. What is the tens digit of k?
6
Let f(z) = -10*z**3 - 4*z**2 + 17*z + 9. Let i be f(-5). Suppose 0 = 3*b - 3*t - i, 4*b - 1806 = -b - 3*t. What is the tens digit of b?
6
Let s(b) = 4*b**2 + 14*b + 20. Let w be s(-2). What is the tens digit of (w - (-1425)/(-10))*-6?
0
Let m(a) = -12*a + 0*a + 18 + 31*a + 52*a. What is the hundreds digit of m(2)?
1
Let g be (38/114)/(1/30). What is the tens digit of 4*(-24)/(-16)*g?
6
Let k(s) = 56*s**3 - 26*s**2 + 38*s - 91. What is the units digit of k(10)?
9
Let t be 18/12*(-32)/(-24). Let v(c) be the second derivative of 2*c**5/5 - c**4/6 - 2*c**3/3 + 2*c**2 - 3*c. What is the tens digit of v(t)?
5
Let m(p) = p**2 - 59*p - 22. Let a be m(0). Let d(i) = i**3 + 22*i**2 - 19*i - 31. What is the hundreds digit of d(a)?
3
Let z(j) = -3*j + 32. Suppose 0*r = -5*r + 100. Suppose 10 = -w + 2*x, 5*w - 3*w = -4*x + r. What is the units digit of z(w)?
2
Let t be (-14)/21*-8586 - (-1 + -3). Suppose -4*l = 12*l - t. What is the hundreds digit of l?
3
Let w(g) = -3*g + 23. Let c(y) = -y. Let o(l) = -2*c(l) + w(l). Let t(k) = -1. Let p(v) = o(v) + 4*t(v). What is the tens digit of p(-18)?
3
Suppose 3*u - 23715 = 5*r, -u + 4*r = -12265 + 4367. What is the units digit of u?
0
Let k(w) = w**2 + 5*w + 29. Let p be k(-9). Suppose d = 2*q - 106 - 35, p = q + 5*d. What is the units digit of q?
0
Let g(n) = -n**3 - 9*n**2 - 21*n - 42. Let q be g(-13). Let k = q - 478. What is the units digit of k?
9
Let y(n) = 2*n - 40. Let a(h) = 3*h - 28. Let s be a(16). Let u be y(s). Suppose d + 1 = u, 4*t + 4*d = -t + 256. What is the units digit of t?
2
Let a(w) = -w - 50. Let p(m) = m + 50. Let z(t) = 2*a(t) + 3*p(t). Let q be z(21). Let h = 142 - q. What is the units digit of h?
1
Suppose 3*n - 12 + 44 = h, 0 = 4*n - 5*h + 61. Let u(j) = -7*j + 100*j**2 - j**3 - 303*j**2 - 6*j - 19 + 99*j**2 + 97*j**2. What is the units digit of u(n)?
0
Let l = 195 + 8164. What is the thousands digit of l?
8
Suppose 0 - 22 = -11*l. Suppose -a + 5 = -l*a, 0 = -4*c + 4*a + 2572. What is the units digit of c?
8
Suppose -3*j = 2*v - 337, 3*j + 98 - 436 = -v. Suppose -4*g - j + 181 = 0. What is the units digit of g?
7
Let q = 362 + 33. Suppose -37*w = -q + 62. What is the units digit of w?
9
Suppose 21130 = -809*m + 819*m. What is the tens digit of m?
1
Let g = -39 - 2. Let i = 38 + g. Let w = 2 - i. What is the units digit of w?
5
Let i(y) = 10*y**2 - 135*y + 7097. What is the ten thousands digit of i(38)?
1
Let y = 45 + -221. Let j = y + 726. What is the hundreds digit of j?
5
Suppose -1812 = -8*d + 5*d. Let g = d - 334. What is the tens digit of g?
7
Let a = 26956 + -13986. What is the units digit of a?
0
Suppose -g = -14*g + 38506. Suppose -347*n - g = -349*n. What is the tens digit of n?
8
Suppose 0 = 34*w + 17505 - 129841. What is the hundreds digit of w?
3
What is the tens digit of ((-3752352)/1152)/((-9)/48)?
7
Suppose -2*d + 8 - 14 = 0, 0 = j + 4*d - 19. Suppose -j*a - 14049 = -52*a. What is the units digit of a?
9
Suppose -123*c + 2039308 + 1111337 = 0. What is the thousands digit of c?
5
Let w(k) = 211*k**2 - 3*k - 2. Suppose 6*s + 5 - 29 = 0. Suppose -5*r = -5, -s*z + 0*r = 4*r. What is the tens digit of w(z)?
1
Suppose o - 75 = -27. Suppose 0 = -4*f + 4*x + o, f + 2*f - 2*x = 31. Suppose -5 = j - 2, 3*j + f = -d. What is the units digit of d?
2
Let q = 2651 - 4527. Let b = q + 2978. What is the hundreds digit of b?
1
Suppose 0 = -35*y + 149*y - 996565 + 295579. What is the units digit of y?
9
Let a(o) = -o**3 - 29*o**2 - 63*o + 56. Suppose 2*p + 63 = -5*w - 3, -2*p - 48 = -4*w. What is the tens digit of a(p)?
3
Suppose a + 8 = -4*l + 12, 5 = 5*l - a. What is the tens digit of (7083/(-45))/(l/(-5))?
8
Let d = -76 + 76. Suppose 0*o = -2*w - o + 78, -3*o = d. Let n = w - -58. What is the units digit of n?
7
What is the units digit of 629160/(-210)*(2 + 27/(-6))?
0
Let h(t) = 3*t**2 + 4*t - 1. Suppose 9*z - 188 + 8 = 0. Suppose -2*f + 3*b - 6*b = -2, -4*f = 2*b - z. What is the tens digit of h(f)?
7
Let l(x) = 69*x + 5516. What is the hundreds digit of l(88)?
5
Let q(x) be the third derivative of x**6/120 - 7*x**5/15 - 23*x**4/24 + 55*x**3/6 + 8*x**2 - 3. What is the hundreds digit of q(29)?
2
Let o be -12 + ((-2 + 0)*-2 - 2). Let m = o - -319. Suppose -4*l - 5*p = -m, -3*l - 4*p + 234 = -p. What is the tens digit of l?
8
Suppose -5*t = -4*h - 75, -36*t + 37*t + 4*h + 9 = 0. Suppose -t*c - w = -10*c - 536, -2*c + 5*w + 1065 = 0. What is the hundreds digit of c?
5
Let x be (180/21 - -2) + (-44)/77. Let n be (-21)/(2 + 57/(-30)). What is the hundreds digit of ((-46)/6)/(x/n)?
1
Let r(z) be the first derivative of -5*z**4/2 - z**3 - 6*z**2 - 3*z + 2. Let f be r(-6). What is the hundreds digit of f/13 + 2/(-13)?
1
Let g(x) = 128*x**2 + x + 10. Let a be g(-2). Let i = -246 + a. What is the hundreds digit of i?
2
Let a = -10014 + 14393. What is the thousands digit of a?
4
Let s be (-24)/16*(4 + 4). What is the units digit of 34*s/(-40)*5?
1
Let x = 495 + -484. Suppose -16*a - 2*l = -x*a - 1167, 4*a = -4*l + 936. What is the tens digit of a?
3
Suppose -2*v = -2*f + 176, 2*v + 7*f = 2*f - 169. Let n = -75 - v. Suppose -7*h - 415 = -n*h. What is the tens digit of h?
8
Suppose -5*a - 5*i + 12930 + 245320 = 0, -i = -3*a + 154962. What is the hundreds digit of a?
6
What is the thousands digit of ((336/(-20))/(-28))/((-3)/(-199575))?
9
Suppose 0 = -68*z + 62*z + 60. What is the hundreds digit of ((-550)/(-30) - z)/((-2)/(-210))?
8
What is the tens digit of ((3360/7)/(-8))/(18/(-912))?
4
Suppose 16*h + 4098 = -286. Let t = -209 - h. What is the units digit of t?
5
Let p = -10 + 22. Suppose -p*d = -6*d - 42. Suppose -14*t + d*t + 651 = 0. What is the tens digit of t?
9
Let x(f) = 5*f**2 - f + 2. Let d = 85 - 88. What is the tens digit of x(d)?
5
Suppose 0 = 17*i + 6382 - 1078. Let r = 412 + i. What is the units digit of r?
0
Suppose -1734*u + 378383 = -1673*u. What is the hundreds digit of u?
2
Let k(i) be the third derivative of -i**5/60 + 5*i**4/6 - 7*i**3/6 - 63*i**2. What is the units digit of k(11)?
2
Let a(p) be the first derivative of -41*p**2/2 - 3*p + 28. What is the units digit of a(-7)?
4
Let l be 528040/56 - 4/14. Suppose -4*v = -11*v + l. What is the units digit of v?
7
Let f = 67979 - 30965. What is the hundreds digit of f?
0
What is the tens digit of 8140/(-37)*9/12*-1?
6
Let p be (36/(-5))/(-6)*(-80)/6. Let v be (-1)/(-2) + (-6328)/p. Suppose 6*d - 10*d + v = 0. What is the tens digit of d?
9
Suppose 116*t + 34378 = 264058. What is the thousands digit of t?
1
Suppose -5*p - 3*y + 6 = 0, y = p - 2*y - 12. Suppose 0 = -p*m - 4*r + 916 + 297, 0 = 2*m + 3*r - 810. What is the tens digit of m?
9
Let p(l) = 3*l**3 - 3*l**2 - 22*l - 38. What is the hundreds digit of p(17)?
4
Suppose 87*o - 92*o - 20738 = -u, -